e remainder when 13 is divided by (-18)/15*n/(-3)?
5
Suppose -4*w + 2*p + 9 = -7, 5*w = -p + 27. Suppose w*v = v + 140. Calculate the remainder when v is divided by 1 + 33/9*3.
11
Let l(c) = 2*c**2 - 5*c + 1. Let r be 7/2 + (-3)/(-6). Suppose -5*k = -3*u - 19, -15 - 15 = -4*k - 5*u. Calculate the remainder when l(r) is divided by k.
3
Suppose 0 = -3*y + y - x + 7, -3*y + x + 13 = 0. Suppose 5*l + 0 = 20. Suppose 0 = -0*m - l*m + 8. Calculate the remainder when y is divided by m.
0
Suppose b = 50 - 14. Let n = b - 26. Calculate the remainder when 18 is divided by n.
8
Suppose 107 = q - 5*y, q - 150 = -5*y - 3. Let x = 193 - q. Calculate the remainder when x is divided by 17.
15
Let y be (-18)/(-4)*(-6 - -8). Suppose 2*x - 2*w = 54, y = x + w - 18. What is the remainder when x is divided by 7?
6
What is the remainder when 8 is divided by 1/(14/6 + -2)?
2
Suppose 2*h = 7*h - 30. Let a be (-2)/(-3)*(-3)/2. Calculate the remainder when (-1)/((-2)/(-22)*a) is divided by h.
5
Suppose 5 = -p + 25. Let t = p + -12. Let a = -17 + 20. Calculate the remainder when t is divided by a.
2
Let p = 8 + -14. Let x = p - -8. Calculate the remainder when (-14)/63 + 28*4/18 is divided by x.
0
Calculate the remainder when 24 is divided by (-12)/4 + (-17)/(-1).
10
Suppose 5*x = 2*u - 55, 0*u - 3*x - 49 = -2*u. Calculate the remainder when 70 is divided by (-48)/u*(-11 + 1).
22
Suppose b - 7*b = -48. Calculate the remainder when b is divided by 1.
0
Let k(x) = -x**2 + 6*x - 4. Let l be k(4). Calculate the remainder when 1/(-8) + 2047/184 is divided by l/(-14) + (-102)/(-14).
4
Suppose -133 = -3*g + 20. Suppose 81 = 4*b - g. What is the remainder when b is divided by 9?
6
Let g = -68 + 86. Calculate the remainder when 22 is divided by g.
4
Suppose 2*j = -4*z + z + 165, z = 2*j + 55. Calculate the remainder when z is divided by 7.
6
Let j(u) = u**3 + 7*u**2 + 3*u + 1. Suppose 7 - 25 = 3*d. Calculate the remainder when j(d) is divided by 11.
8
Let c(w) = -w**2 + 5*w + 3. Let f be c(5). Let s = 5 - f. Suppose 5*j - 7 = -l + 44, -5*l = s*j - 2. Calculate the remainder when j is divided by 6.
5
Let w(m) = 2*m**2 - 3*m - 2. What is the remainder when w(-3) is divided by 14?
11
Let a(d) = -d**2 + 3*d + 2. Let v be a(3). Let i = 9 - v. What is the remainder when 32 is divided by i?
4
Let n(y) = -y**3 - 22*y**2 + 21*y - 31. Calculate the remainder when 73 is divided by n(-23).
13
Suppose 0 = -3*k + k + 38. Suppose -4*c + 108 = -c. Calculate the remainder when c is divided by k.
17
Suppose -8*d = -4*d - 48. Calculate the remainder when 35 is divided by d.
11
Suppose -18 = -3*c + s - 4*s, 2*s - 20 = -3*c. Suppose -5*y = -c - 17. What is the remainder when (-4)/14 - 363/(-21) is divided by y?
2
Suppose -b = -4*z + 71, -b + 23 = 2*z - 4*b. What is the remainder when 53 is divided by z?
15
Let x be 2/5 - 270/(-75). Let p = 16 - x. Calculate the remainder when 47 is divided by p.
11
Let m = -49 + 93. Suppose 0 = -t - 2*i + 19, -5*i + 28 + 12 = 2*t. What is the remainder when m is divided by t?
14
Suppose 5*w - 9 = 11. Let t = 8 - 2. Suppose -t*d + 8 = -2*d. What is the remainder when w is divided by d?
0
Let y = -6 + 6. Suppose y = 5*r - 72 - 153. Calculate the remainder when r is divided by 16.
13
Let g = -5 - -4. Let b(y) = 37*y - 6. Let l(t) = -t + 1. Let k(o) = -b(o) - 5*l(o). Calculate the remainder when k(g) is divided by 17.
16
Calculate the remainder when 191 is divided by ((-16)/(-12))/(-1)*18/(-3).
7
Let f(z) be the third derivative of z**6/120 + z**5/10 - z**4/4 + 7*z**3/6 - z**2. Calculate the remainder when f(-6) is divided by 11.
10
Let f(q) = -q**3 + 7. Suppose 0 = 3*a - 3*z - 60, 2*a + a - 5*z = 66. Suppose v - a = 2. Calculate the remainder when v is divided by f(0).
5
Suppose 0 = 4*f - 20, -q + 29 = 3*q + f. What is the remainder when 6 is divided by q?
0
Let h = 8 + -8. Suppose h = f + f - 8. Calculate the remainder when 14 is divided by f.
2
Let j(s) = -3*s**3 - 4*s + 7*s**2 + s + 2*s**3 + 2*s - 3. Let l be j(4). Suppose l = 2*p + 13. What is the remainder when 26 is divided by p?
12
Suppose -14*t + 9*t = -35. Let b(i) = 3*i**2 + i - 1. Let x be b(1). Suppose -x*q + 20 + 19 = 0. What is the remainder when q is divided by t?
6
Let r(c) be the second derivative of 3*c**5/20 + c**4/12 - c**3/3 + c**2 + 7*c. What is the remainder when r(2) is divided by 14?
12
Suppose 4 = m - 2*m. Let p(x) = -x + 1. Let g(l) = -l. What is the remainder when p(m) is divided by g(-3)?
2
Suppose n - 12 = -3*n. Let v = -2 + n. Suppose 0*w - 10 = -5*w. What is the remainder when w is divided by v?
0
Let u = 8 + -5. Suppose 0 = 4*l - 3*l - u. Suppose 0 = 5*j - 4*z - 69, 2*j + 3*j - l*z = 68. Calculate the remainder when 24 is divided by j.
11
Let z(x) = -9*x - 32. What is the remainder when 173 is divided by z(-6)?
19
Let q(l) = l**2 - 2*l + 1. Calculate the remainder when 28/36 - (0 - (-4)/(-18)) is divided by q(2).
0
Let m(r) = -2*r**2 + 25. Let t = -8 + 56. Calculate the remainder when t is divided by m(0).
23
Let b(m) = -3*m**3 + 2*m + 2. Calculate the remainder when 4 is divided by b(-1).
1
What is the remainder when 38 is divided by (7/2)/7*26?
12
Suppose -l + 4 = 0, 3*p + 4*l - 80 = -p. Calculate the remainder when 31 is divided by p.
15
Let t be -4 - (3 - (-2 - -3)). Let g be (15/9)/((-2)/t). Suppose -g*i + 2*i + 63 = 2*o, 2*o - 66 = -4*i. Calculate the remainder when o is divided by 15.
12
Suppose 2 = -q - q, -4*q - 6 = 2*h. What is the remainder when 2 - (-14 - 2/h) is divided by (2/(-6))/(6/(-72))?
2
Let i(o) = 5*o - o**3 - 10 + 1 - 10*o**2 + 4*o**2. What is the remainder when 17 is divided by i(-7)?
2
What is the remainder when -1*(-1)/(-2)*-116 is divided by (7 - -13) + 0/(-2)?
18
Let o = 10 - 7. Suppose n - 10 = -f, 5*n + 43 + 11 = o*f. What is the remainder when 37 is divided by f?
11
Suppose 100 = 10*b - 10. What is the remainder when 86 is divided by b?
9
Let h(j) = j**3 - 14*j**2 + 16*j + 10. Suppose -5 = -2*z + 21. What is the remainder when h(z) is divided by 17?
15
Suppose 10*l = 5*l + 75. What is the remainder when 41 is divided by l?
11
Suppose 8*n = 152 + 16. Let r = 138 - 57. What is the remainder when r is divided by n?
18
Let l(x) = 2*x + 5. Let w(r) = -r - 2. Let y be w(-10). Let i be l(y). Suppose 7 = 4*m - i. Calculate the remainder when 19 is divided by m.
5
Let l(c) = c**2 - c - 17. What is the remainder when l(6) is divided by 5?
3
Let w = 6 - -3. Calculate the remainder when w - (-2 + -2) - -4 is divided by 9.
8
Let d be (-80)/((-16)/4) + 3. Let t = d + -17. Calculate the remainder when 11 is divided by t.
5
Let q = 12 - 1. Suppose -15*b = -13*b - 12. Calculate the remainder when q is divided by b.
5
Let k be 20/4*(3 + 3). Suppose -3 = b + 5*h - k, -4*h = -5*b - 10. Let g(u) = u**3 - 3*u**2 - 3*u + 2. What is the remainder when g(4) is divided by b?
0
Suppose -6*q + 5*q + 49 = 0. What is the remainder when q is divided by 26?
23
Let f = 79 - 24. Suppose -7*p + f = -2*p. What is the remainder when 30 is divided by p?
8
Suppose -w = 4*h - 12, 3 = 3*h + 2*w - 1. Suppose -2*y - 2*r + 10 = -y, -h*y + 5*r = -53. Suppose a = 116 - 82. What is the remainder when a is divided by y?
10
Let n(j) = -13*j - 73. Calculate the remainder when n(-9) is divided by 15.
14
Let d(l) = l**2 - 3 + 4*l + 0 + 0. Let u be d(-3). Calculate the remainder when 37 is divided by (-2)/u - (-38)/3.
11
Suppose 3*i - 11 = -2*o - 3, 4*i + 16 = 0. What is the remainder when 15 is divided by o?
5
Suppose 0 = -2*u + 103 - 25. Let g(b) = -b**2 - 4*b - 1. Let j be g(-2). Calculate the remainder when 21 is divided by (u/j - 2) + 0.
10
Suppose 4*j - 18 = -2. Suppose -118 = -2*f + a, -4*f + 121 + 91 = j*a. Let n = 86 - f. What is the remainder when n is divided by 10?
9
Suppose 329 = 5*l + d, 6*l - 5*l + 5*d - 61 = 0. Suppose -4*h + l = -30. Calculate the remainder when 70 is divided by h.
22
Let s = 7 + -4. Let j be 1/(-4*4/(-64)). What is the remainder when s is divided by 14/8 - (-1)/j?
1
Suppose 4*p = -o - 11, 3*p = -0*p - o - 8. Let d = p - -7. What is the remainder when 10 is divided by d?
2
Let l(m) = -1 + 2*m - 13*m**3 + 2*m**2 - m - 2*m + 0. What is the remainder when l(-1) is divided by 8?
7
Let g(t) = -t**3 - 11*t**2 - t + 5. Calculate the remainder when 45 is divided by g(-11).
13
Le